{"id":2556,"date":"2021-04-01T11:33:15","date_gmt":"2021-04-01T11:33:15","guid":{"rendered":"https:\/\/oraiste.qodeinteractive.com\/?page_id=2556"},"modified":"2024-02-07T13:18:43","modified_gmt":"2024-02-07T13:18:43","slug":"about-me","status":"publish","type":"page","link":"https:\/\/lilith-annura.com.emmtronics.de\/index.php\/about-me\/","title":{"rendered":"ABOUT LILITH"},"content":{"rendered":"\t\t<div data-elementor-type=\"wp-page\" data-elementor-id=\"2556\" class=\"elementor elementor-2556\" data-elementor-post-type=\"page\">\n\t\t\t\t\t\t<section class=\"elementor-section elementor-top-section elementor-element elementor-element-69707ff elementor-section-boxed elementor-section-height-default elementor-section-height-default qodef-elementor-content-no\" data-id=\"69707ff\" data-element_type=\"section\">\n\t\t\t\t\t\t<div class=\"elementor-container elementor-column-gap-default\">\n\t\t\t\t\t<div class=\"elementor-column elementor-col-100 elementor-top-column elementor-element elementor-element-7acf3ce\" data-id=\"7acf3ce\" data-element_type=\"column\">\n\t\t\t<div class=\"elementor-widget-wrap elementor-element-populated\">\n\t\t\t\t\t\t<div class=\"elementor-element elementor-element-e92a181 elementor-widget__width-auto elementor-widget elementor-widget-text-editor\" data-id=\"e92a181\" data-element_type=\"widget\" data-widget_type=\"text-editor.default\">\n\t\t\t\t<div class=\"elementor-widget-container\">\n\t\t\t\t\t\t\t\t\t<h1>LILITH ANNURA<\/h1><p>SEX TALK &amp; EROTIC ART<\/p>\t\t\t\t\t\t\t\t<\/div>\n\t\t\t\t<\/div>\n\t\t\t\t\t<\/div>\n\t\t<\/div>\n\t\t\t\t\t<\/div>\n\t\t<\/section>\n\t\t<div class=\"elementor-element elementor-element-2dca365 e-flex e-con-boxed e-con e-parent\" data-id=\"2dca365\" data-element_type=\"container\">\n\t\t\t\t\t<div class=\"e-con-inner\">\n\t\t<div class=\"elementor-element elementor-element-31eee7d e-con-full e-flex e-con e-child\" data-id=\"31eee7d\" data-element_type=\"container\" data-settings=\"{&quot;background_background&quot;:&quot;classic&quot;}\">\n\t\t\t\t<div class=\"elementor-element elementor-element-a0c9d93 elementor-widget elementor-widget-image\" data-id=\"a0c9d93\" data-element_type=\"widget\" data-widget_type=\"image.default\">\n\t\t\t\t<div class=\"elementor-widget-container\">\n\t\t\t\t\t\t\t\t\t\t\t\t\t\t\t<img fetchpriority=\"high\" decoding=\"async\" width=\"1024\" height=\"1536\" src=\"https:\/\/lilith-annura.com.emmtronics.de\/wp-content\/uploads\/2024\/02\/Grand-Hotel-Pupp-@-Lilith-Annura-4230-1024x1536.jpg\" class=\"attachment-1536x1536 size-1536x1536 wp-image-7573\" alt=\"\" srcset=\"https:\/\/lilith-annura.com.emmtronics.de\/wp-content\/uploads\/2024\/02\/Grand-Hotel-Pupp-@-Lilith-Annura-4230-1024x1536.jpg 1024w, https:\/\/lilith-annura.com.emmtronics.de\/wp-content\/uploads\/2024\/02\/Grand-Hotel-Pupp-@-Lilith-Annura-4230-200x300.jpg 200w, https:\/\/lilith-annura.com.emmtronics.de\/wp-content\/uploads\/2024\/02\/Grand-Hotel-Pupp-@-Lilith-Annura-4230-683x1024.jpg 683w, https:\/\/lilith-annura.com.emmtronics.de\/wp-content\/uploads\/2024\/02\/Grand-Hotel-Pupp-@-Lilith-Annura-4230-768x1152.jpg 768w, https:\/\/lilith-annura.com.emmtronics.de\/wp-content\/uploads\/2024\/02\/Grand-Hotel-Pupp-@-Lilith-Annura-4230-1365x2048.jpg 1365w\" sizes=\"(max-width: 1024px) 100vw, 1024px\" \/>\t\t\t\t\t\t\t\t\t\t\t\t\t\t\t<\/div>\n\t\t\t\t<\/div>\n\t\t\t\t<\/div>\n\t\t<div class=\"elementor-element elementor-element-3d3eca4 e-con-full e-flex e-con e-child\" data-id=\"3d3eca4\" data-element_type=\"container\">\n\t\t\t\t<div class=\"elementor-element elementor-element-62a708d elementor-widget__width-inherit elementor-widget elementor-widget-text-editor\" data-id=\"62a708d\" data-element_type=\"widget\" data-widget_type=\"text-editor.default\">\n\t\t\t\t<div class=\"elementor-widget-container\">\n\t\t\t\t\t\t\t\t\t<h2>\u2019\u2019Ich wollte nie nackte Menschen fotografieren.&#8220;<\/h2>\t\t\t\t\t\t\t\t<\/div>\n\t\t\t\t<\/div>\n\t\t\t\t<div class=\"elementor-element elementor-element-590a680 elementor-widget__width-initial elementor-widget-tablet__width-initial elementor-widget elementor-widget-text-editor\" data-id=\"590a680\" data-element_type=\"widget\" data-widget_type=\"text-editor.default\">\n\t\t\t\t<div class=\"elementor-widget-container\">\n\t\t\t\t\t\t\t\t\t<h4 style=\"line-height: 3em;\">ABOUT<\/h4><div><p>Ich habe selbst viele Jahre meine Entwicklung in der Sexualit\u00e4t, meinen K\u00f6rper und meine Sinnlichkeit fotografisch begleitet, wei\u00df, wie es sich vor und hinter der Kamera anf\u00fchlt und kenne die intensiven ber\u00fchrenden Prozesse dahinter.\u00a0<\/p><p>Als Fotografin habe ich Menschen in ihrer Form der Sinnlichkeit und Lust fotografisch festgehalten und viel mit ihnen \u00fcber Sexualit\u00e4t und Intimit\u00e4t gesprochen. Dies f\u00fchrte sp\u00e4ter zu dem Entschluss mich in der Sexualtherapie weiterzubilden und Fotografie, Bewusstwerdung und Kommunikation mehr in meine Arbeit einflie\u00dfen zu lassen.<\/p><p>Seit 10 Jahren bin ich als Fotografin deutschlandweit t\u00e4tig, habe ein Gemeinschaftsstudio in Leipzig und bin zudem Paar- und Sexualberatin.<\/p><\/div>\t\t\t\t\t\t\t\t<\/div>\n\t\t\t\t<\/div>\n\t\t\t\t<\/div>\n\t\t\t\t\t<\/div>\n\t\t\t\t<\/div>\n\t\t<div class=\"elementor-element elementor-element-b1b84f0 e-flex e-con-boxed e-con e-parent\" data-id=\"b1b84f0\" data-element_type=\"container\">\n\t\t\t\t\t<div class=\"e-con-inner\">\n\t\t<div class=\"elementor-element elementor-element-2d5aedf e-con-full e-flex e-con e-child\" data-id=\"2d5aedf\" data-element_type=\"container\">\n\t\t\t\t<div class=\"elementor-element elementor-element-2e0798d elementor-widget elementor-widget-text-editor\" data-id=\"2e0798d\" data-element_type=\"widget\" data-widget_type=\"text-editor.default\">\n\t\t\t\t<div class=\"elementor-widget-container\">\n\t\t\t\t\t\t\t\t\t<h4 style=\"line-height: 3em;\">INSIDE<\/h4><p style=\"line-height: 1.2em;\"><span style=\"text-decoration: underline;\">Fotografie<\/span><\/p><p style=\"line-height: 1.2em;\">&#8211; sinnliche Portraits &amp; Teilakte<\/p><p style=\"line-height: 1.2em;\">&#8211; Dokumentation &amp; Inszenierung<\/p><p style=\"line-height: 1.2em;\">&#8211; intime Fotografie (Erotic Art)<\/p><p style=\"line-height: 1.2em;\">&#8211; Business Fotografie f\u00fcr Menschen, die in sexuellen Kontexten arbeiten<\/p><p style=\"line-height: 1.2em;\">\u00a0<\/p><p style=\"line-height: 1.2em;\">\u00a0<\/p><p style=\"line-height: 1.2em;\"><span style=\"text-decoration-line: underline;\">Sexualtherapie<\/span><\/p><p style=\"line-height: 1.2em;\">&#8211; Anteilearbeit\/Ego States &amp; Shooting<\/p><p style=\"line-height: 1.2em;\">&#8211; Selbst- und K\u00f6rperwahrnehmung\u00a0<\/p><p style=\"line-height: 1.2em;\">&#8211; Workshops und Intensivkurse<\/p>\t\t\t\t\t\t\t\t<\/div>\n\t\t\t\t<\/div>\n\t\t\t\t<\/div>\n\t\t<div class=\"elementor-element elementor-element-5c118d8 e-con-full e-flex e-con e-child\" data-id=\"5c118d8\" data-element_type=\"container\">\n\t\t\t\t<div class=\"elementor-element elementor-element-f47764b elementor-widget elementor-widget-text-editor\" data-id=\"f47764b\" data-element_type=\"widget\" data-widget_type=\"text-editor.default\">\n\t\t\t\t<div class=\"elementor-widget-container\">\n\t\t\t\t\t\t\t\t\t<h4 style=\"line-height: 3em;\">Outside<\/h4><p><span style=\"text-decoration: underline;\">Magazine<\/span><\/p><p>S\u00e9par\u00e9e Magazin No. 38 (sinnlicher Akt Nicola, 2023)<\/p><p>S\u00e9par\u00e9e Magazin No. 35 (Playshooting Sebastian, 2022)\u00a0<\/p><p>\u00a0<\/p><p><span style=\"text-decoration: underline;\">Ausstellungen<\/span><\/p><p>2024 &#8222;REIZend&#8220; Rochlitz<\/p><p>2023 &#8222;Vulva me&#8220; Chemnitz<\/p>\t\t\t\t\t\t\t\t<\/div>\n\t\t\t\t<\/div>\n\t\t\t\t<\/div>\n\t\t\t\t\t<\/div>\n\t\t\t\t<\/div>\n\t\t\t\t<section class=\"elementor-section elementor-top-section elementor-element elementor-element-ae3d830 elementor-section-boxed elementor-section-height-default elementor-section-height-default qodef-elementor-content-no\" data-id=\"ae3d830\" data-element_type=\"section\">\n\t\t\t\t\t\t<div class=\"elementor-container elementor-column-gap-default\">\n\t\t\t\t\t<div class=\"elementor-column elementor-col-100 elementor-top-column elementor-element elementor-element-bb3fad8\" data-id=\"bb3fad8\" data-element_type=\"column\">\n\t\t\t<div class=\"elementor-widget-wrap elementor-element-populated\">\n\t\t\t\t\t\t<div class=\"elementor-element elementor-element-b40326d elementor-widget__width-inherit elementor-widget-mobile__width-initial elementor-widget elementor-widget-text-editor\" data-id=\"b40326d\" data-element_type=\"widget\" data-widget_type=\"text-editor.default\">\n\t\t\t\t<div class=\"elementor-widget-container\">\n\t\t\t\t\t\t\t\t\t<h3>Get in touch<\/h3><p>lilith.annura@gmail.com\u00a0<\/p><p><a href=\"https:\/\/www.instagram.com\/lilith_annura\/\">Instagram<\/a><\/p>\t\t\t\t\t\t\t\t<\/div>\n\t\t\t\t<\/div>\n\t\t\t\t\t<\/div>\n\t\t<\/div>\n\t\t\t\t\t<\/div>\n\t\t<\/section>\n\t\t<div class=\"elementor-element elementor-element-f02036b e-flex e-con-boxed e-con e-parent\" data-id=\"f02036b\" data-element_type=\"container\">\n\t\t\t\t\t<div class=\"e-con-inner\">\n\t\t\t\t<div class=\"elementor-element elementor-element-b6501c1 elementor-widget elementor-widget-image\" data-id=\"b6501c1\" data-element_type=\"widget\" data-widget_type=\"image.default\">\n\t\t\t\t<div class=\"elementor-widget-container\">\n\t\t\t\t\t\t\t\t\t\t\t\t\t\t\t<img decoding=\"async\" width=\"4935\" height=\"2776\" src=\"https:\/\/lilith-annura.com.emmtronics.de\/wp-content\/uploads\/2024\/02\/FineFact_Anne-5852.jpg\" class=\"attachment-full size-full wp-image-7544\" alt=\"\" srcset=\"https:\/\/lilith-annura.com.emmtronics.de\/wp-content\/uploads\/2024\/02\/FineFact_Anne-5852.jpg 4935w, https:\/\/lilith-annura.com.emmtronics.de\/wp-content\/uploads\/2024\/02\/FineFact_Anne-5852-300x169.jpg 300w, https:\/\/lilith-annura.com.emmtronics.de\/wp-content\/uploads\/2024\/02\/FineFact_Anne-5852-1024x576.jpg 1024w, https:\/\/lilith-annura.com.emmtronics.de\/wp-content\/uploads\/2024\/02\/FineFact_Anne-5852-768x432.jpg 768w, https:\/\/lilith-annura.com.emmtronics.de\/wp-content\/uploads\/2024\/02\/FineFact_Anne-5852-1536x864.jpg 1536w, https:\/\/lilith-annura.com.emmtronics.de\/wp-content\/uploads\/2024\/02\/FineFact_Anne-5852-2048x1152.jpg 2048w\" sizes=\"(max-width: 4935px) 100vw, 4935px\" \/>\t\t\t\t\t\t\t\t\t\t\t\t\t\t\t<\/div>\n\t\t\t\t<\/div>\n\t\t\t\t\t<\/div>\n\t\t\t\t<\/div>\n\t\t<div class=\"elementor-element elementor-element-b998235 e-flex e-con-boxed e-con e-parent\" data-id=\"b998235\" data-element_type=\"container\">\n\t\t\t\t\t<div class=\"e-con-inner\">\n\t\t<div class=\"elementor-element elementor-element-af040ab e-con-full e-flex e-con e-child\" data-id=\"af040ab\" data-element_type=\"container\">\n\t\t\t\t<div class=\"elementor-element elementor-element-c758eb3 elementor-widget elementor-widget-text-editor\" data-id=\"c758eb3\" data-element_type=\"widget\" data-widget_type=\"text-editor.default\">\n\t\t\t\t<div class=\"elementor-widget-container\">\n\t\t\t\t\t\t\t\t\t<div class=\"pp-module _95ce1a85-bef6-4038-9ce3-a7ebefde2df9 _27866d96-e2fc-49b8-96ed-953ce04d9b3a__module _90663af9-6f57-4637-ba4e-7b9e02f2dff1__module _01776c68-2121-4c6c-9582-d99ac6e147c6__module css-115rovq pp-module--text pp-module--is-dynamic\" data-id=\"95ce1a85-bef6-4038-9ce3-a7ebefde2df9\" data-vertical-offset=\"\"><div class=\"pp-text-module-body\"><div><h2>LILITH ANNURA<\/h2><\/div><\/div><\/div><div class=\"pp-module _f117aec9-7055-40e1-a017-53719f931210 _27866d96-e2fc-49b8-96ed-953ce04d9b3a__module _90663af9-6f57-4637-ba4e-7b9e02f2dff1__module _01776c68-2121-4c6c-9582-d99ac6e147c6__module css-15b54m9 pp-module--text pp-module--is-dynamic\" data-id=\"f117aec9-7055-40e1-a017-53719f931210\" data-vertical-offset=\"\"><div class=\"pp-text-module-body\"><p>Ich bin die Lady hinter diesem wundersch\u00f6nen Namen.<\/p><pre>Neugierig. Charmant. Empathisch.<\/pre><p><strong>L I L I T H<\/strong><\/p><p>kommt aus dem Hebr\u00e4ischen und bedeutet &#8222;die N\u00e4chtliche&#8220;.<\/p><p>Sie war der Erz\u00e4hlung nach die erste Gef\u00e4hrtin von Adam, aber einfach eine Prise zu lustvoll, dominant + spielerisch, sodass er sich f\u00fcr Eva und ihren sanften hingebenden Scho\u00df entschied.<\/p><p><strong>A N N U R A<\/strong><\/p><p>setzt sich zusammen aus &#8222;die Anmutige&#8220; + &#8222;die Lichtbringende&#8220; (aus dem Arabischen). Umarmende nat\u00fcrliche Weiblichkeit + warme strahlende G\u00f6ttin.<\/p><p>Eine feurige Mischung aus dem Nahen Osten, in dem ich einst gelebt habe:<\/p><p>Zwischen Israel und Pal\u00e4stina, Oasen im W\u00fcstengebirge und funkelndem Mittelmeer, zwischen bedeckten schamvollen Tabus im ehrw\u00fcrdigen Bethlehem und offener vielseitiger Lust im pulsierenden Tel Aviv,\u00a0<span style=\"color: var( --e-global-color-text ); font-family: var( --e-global-typography-text-font-family ), Sans-serif; font-weight: var( --e-global-typography-text-font-weight ); text-align: var(--text-align);\">zwischen arabischem Kaffee mit Kardamom und frischen saftigen Datteln.<\/span><\/p><\/div><h3>BILDER IN FILM NOIR \u00c4STHETIK<\/h3><p>Voller Liebe zur Ber\u00fchrung, zum Atmen und zum Flie\u00dfen.<\/p><p>Zum F\u00fchren und Hingeben. Zum Dokumentieren und Inszenieren.<\/p><p>Die Einzigartigkeit des Menschen, mit seiner Sch\u00f6nheit, Seele, Geschichte und Prozessen liegt mir am Herzen. Ich brauche all dies, um kreativ zu werden.<\/p><p>So schaffe ich R\u00e4ume, in denen intensive Prozesse kunstvoll festgehalten werden.<\/p><p>Mit warmen Herzen und wachem Verstand.<\/p><\/div>\t\t\t\t\t\t\t\t<\/div>\n\t\t\t\t<\/div>\n\t\t\t\t<\/div>\n\t\t<div class=\"elementor-element elementor-element-a751d76 e-con-full e-flex e-con e-child\" data-id=\"a751d76\" data-element_type=\"container\">\n\t\t\t\t<div class=\"elementor-element elementor-element-c20ce2e elementor-widget elementor-widget-text-editor\" data-id=\"c20ce2e\" data-element_type=\"widget\" data-widget_type=\"text-editor.default\">\n\t\t\t\t<div class=\"elementor-widget-container\">\n\t\t\t\t\t\t\t\t\t<div class=\"pp-module _301b1345-edb7-4a14-897f-f1a4f5a942d6 _27866d96-e2fc-49b8-96ed-953ce04d9b3a__module _90663af9-6f57-4637-ba4e-7b9e02f2dff1__module _5db785f9-c8ab-4e6f-9d6f-e9620e26bf2e__module css-20ok3w pp-module--text pp-module--is-dynamic\" data-id=\"301b1345-edb7-4a14-897f-f1a4f5a942d6\" data-vertical-offset=\"\"><div class=\"pp-text-module-body\"><div><h2>FOTOGRAFIN + HEDONISTIN<\/h2><\/div><\/div><\/div><div class=\"pp-module _ee2bc5ee-a8b4-4be7-862b-2dc86269a2f5 _27866d96-e2fc-49b8-96ed-953ce04d9b3a__module _90663af9-6f57-4637-ba4e-7b9e02f2dff1__module _5db785f9-c8ab-4e6f-9d6f-e9620e26bf2e__module css-15b54m9 pp-module--text pp-module--is-dynamic\" data-id=\"ee2bc5ee-a8b4-4be7-862b-2dc86269a2f5\" data-vertical-offset=\"\"><div class=\"pp-text-module-body\"><p>Hedonismus stammt von dem griechischen Wort\u00a0<em>h\u0113don\u0113<\/em>\u00a0ab, welches f\u00fcr Vergn\u00fcgen, Lust und Freude steht.<\/p><p>****************************<\/p><p>Seit 10 Jahren arbeite ich hauptberuflich als Fotografin, deutschlandweit und \u00fcber die Grenzen hinaus.<\/p><pre>Ich wollte nie nackte Menschen fotografieren und habe diese Art von Fotografie immer an KollegInnen weitergeleitet. <\/pre><p>Durch Corona bin ich durch meine eigenen Prozesse, mich selbst in Sinnlichkeit und Lust zu fotografieren, gegangen und kenne das Wundersch\u00f6ne und ebenso das Schmerzhafte der sichtbar werdenden Realit\u00e4t, sich in den Bildern zu spiegeln und anzunehmen.<\/p><p>Aber es hat mich st\u00e4rker in mir und in meinem K\u00f6rper gemacht, Scham, Unsicherheit und Angst anzuschauen und zu benennen.\u00a0<span style=\"color: var( --e-global-color-text ); font-family: var( --e-global-typography-text-font-family ), Sans-serif; font-weight: var( --e-global-typography-text-font-weight ); text-align: var(--text-align);\">Zu pr\u00fcfen, ob sie wirklich diese Macht \u00fcber mich haben d\u00fcrfen, die ich ihnen zugestanden habe.<\/span><\/p><p>Und pl\u00f6tzlich begann hinter der Angst und Scham die Neugier auf mich zu warten und lud mich ein in viele Begegnungen mit Menschen und Prozessen, die so vielseitig, teilweise schmerzhaft und heilsam waren.\u00a0<span style=\"color: var( --e-global-color-text ); font-family: var( --e-global-typography-text-font-family ), Sans-serif; font-weight: var( --e-global-typography-text-font-weight ); text-align: var(--text-align);\">F\u00fcr uns alle.<\/span><\/p><pre>Pl\u00f6tzlich begann ich erotische, intime und sinnliche Themen zu fotografieren und das Spiel um das Tabu zu lieben.<\/pre><p>Das nennt sich wohl Leben und ich will dir davon charmant berichten:<\/p><p>In Worten. Sprache. Bildern. Musik. Filmen.\u00a0In kulinarischen K\u00f6stlichkeiten. Mit Ausstellungsempfehlungen, Erotik in Kunstb\u00e4nden und exquisiten europaweiten Grand Hotel Touren.<\/p><p>\u00a0<\/p><\/div><\/div>\t\t\t\t\t\t\t\t<\/div>\n\t\t\t\t<\/div>\n\t\t\t\t<\/div>\n\t\t\t\t\t<\/div>\n\t\t\t\t<\/div>\n\t\t<div class=\"elementor-element elementor-element-c43bcec e-flex e-con-boxed e-con e-parent\" data-id=\"c43bcec\" data-element_type=\"container\">\n\t\t\t\t\t<div class=\"e-con-inner\">\n\t\t\t\t<div class=\"elementor-element elementor-element-b135c28 elementor-widget elementor-widget-image\" data-id=\"b135c28\" data-element_type=\"widget\" data-widget_type=\"image.default\">\n\t\t\t\t<div class=\"elementor-widget-container\">\n\t\t\t\t\t\t\t\t\t\t\t\t\t\t\t<img decoding=\"async\" width=\"1024\" height=\"466\" src=\"https:\/\/lilith-annura.com.emmtronics.de\/wp-content\/uploads\/2024\/02\/lilithannurahomepage-e1707312258600-1024x466.jpg\" class=\"attachment-large size-large wp-image-7554\" alt=\"\" srcset=\"https:\/\/lilith-annura.com.emmtronics.de\/wp-content\/uploads\/2024\/02\/lilithannurahomepage-e1707312258600-1024x466.jpg 1024w, https:\/\/lilith-annura.com.emmtronics.de\/wp-content\/uploads\/2024\/02\/lilithannurahomepage-e1707312258600-300x137.jpg 300w, https:\/\/lilith-annura.com.emmtronics.de\/wp-content\/uploads\/2024\/02\/lilithannurahomepage-e1707312258600-768x350.jpg 768w, https:\/\/lilith-annura.com.emmtronics.de\/wp-content\/uploads\/2024\/02\/lilithannurahomepage-e1707312258600-1536x699.jpg 1536w, https:\/\/lilith-annura.com.emmtronics.de\/wp-content\/uploads\/2024\/02\/lilithannurahomepage-e1707312258600.jpg 1885w\" sizes=\"(max-width: 1024px) 100vw, 1024px\" \/>\t\t\t\t\t\t\t\t\t\t\t\t\t\t\t<\/div>\n\t\t\t\t<\/div>\n\t\t\t\t\t<\/div>\n\t\t\t\t<\/div>\n\t\t<div class=\"elementor-element elementor-element-30f55bc e-flex e-con-boxed e-con e-parent\" data-id=\"30f55bc\" data-element_type=\"container\">\n\t\t\t\t\t<div class=\"e-con-inner\">\n\t\t<div class=\"elementor-element elementor-element-f0b6cce e-con-full e-flex e-con e-child\" data-id=\"f0b6cce\" data-element_type=\"container\">\n\t\t\t\t<div class=\"elementor-element elementor-element-c6af152 elementor-widget elementor-widget-text-editor\" data-id=\"c6af152\" data-element_type=\"widget\" data-widget_type=\"text-editor.default\">\n\t\t\t\t<div class=\"elementor-widget-container\">\n\t\t\t\t\t\t\t\t\t<h1>TANTRA<\/h1><p>HAT MIR GEZEIGT, WIE ICH MEIN GEGEN\u00dcBER EHREN KANN + IN EINE N\u00c4HRENDE TIEFE KOMME.<\/p><p>Die Ruhe und Langsamkeit der Bewegung. Das bewusste, tiefe Atmen. Das Verbinden von Seele und K\u00f6rper.<\/p><p>Tantra ist f\u00fcr mich ein so heilsamer und ber\u00fchrender Prozess mir und anderen Menschen auf einer tieferen Ebene zu begegnen und von Innen zu st\u00e4rken.<\/p><p>Ich wollte schon immer im Bereich der sexuellen Aufkl\u00e4rung und Wissensvermittlung \u00fcber Sexualit\u00e4t wirken.<\/p><p>\u00dcber Sexualit\u00e4t und Intimit\u00e4t ins Reden kommen.<\/p><p>\u00a0<\/p>\t\t\t\t\t\t\t\t<\/div>\n\t\t\t\t<\/div>\n\t\t\t\t<\/div>\n\t\t<div class=\"elementor-element elementor-element-a0ecd0c e-con-full e-flex e-con e-child\" data-id=\"a0ecd0c\" data-element_type=\"container\">\n\t\t\t\t<div class=\"elementor-element elementor-element-be588ef elementor-widget elementor-widget-text-editor\" data-id=\"be588ef\" data-element_type=\"widget\" data-widget_type=\"text-editor.default\">\n\t\t\t\t<div class=\"elementor-widget-container\">\n\t\t\t\t\t\t\t\t\t<h1>BDSM<\/h1><p>HAT MIR GEZEIGT, WIE ICH GRENZEN\u00a0+\u00a0BED\u00dcRFNISSE LERNE ZU KOMMUNIZIEREN.<\/p><p>Wie ein klares NEIN ein erdendes JA zu mir ist.\u00a0Wo eine Grenze beginnt, wann ich in der Wachstumsphase bleiben kann,\u00a0lieber abbreche oder umlenke.<\/p><p>Wie durch die vertrauensvolle Ebene der Shooting-Erfahrung im Moment,\u00a0bewusste Aftercare nach einer intensiven Erfahrung und Prozessgespr\u00e4che im Nachgang sehr viel Heilung unbewusster kollektiver Wunden geschehen kann.<\/p><p>In diesem Bereich habe ich wie in keinem anderen Bereich Geschichten\u00a0\u00fcber Wunden, Traumata und Heilung bei Menschen erfahren.\u00a0Von beiden habe ich die &#8222;Pr\u00e4sens des im Moment Seins&#8220; sch\u00e4tzen gelernt.<\/p>\t\t\t\t\t\t\t\t<\/div>\n\t\t\t\t<\/div>\n\t\t\t\t<\/div>\n\t\t\t\t\t<\/div>\n\t\t\t\t<\/div>\n\t\t<div class=\"elementor-element elementor-element-b47ff07 e-flex e-con-boxed e-con e-parent\" data-id=\"b47ff07\" data-element_type=\"container\">\n\t\t\t\t\t<div class=\"e-con-inner\">\n\t\t<div class=\"elementor-element elementor-element-8852ec1 e-con-full e-flex e-con e-child\" data-id=\"8852ec1\" data-element_type=\"container\">\n\t\t\t\t<div class=\"elementor-element elementor-element-c568bd8 elementor-widget__width-initial elementor-widget elementor-widget-image\" data-id=\"c568bd8\" data-element_type=\"widget\" data-widget_type=\"image.default\">\n\t\t\t\t<div class=\"elementor-widget-container\">\n\t\t\t\t\t\t\t\t\t\t\t\t\t\t\t<img loading=\"lazy\" decoding=\"async\" width=\"650\" height=\"1300\" src=\"https:\/\/lilith-annura.com.emmtronics.de\/wp-content\/uploads\/2024\/02\/FineFact_Anne-5956sw-650x1300.jpg\" class=\"attachment-oraiste_core_image_size_portrait size-oraiste_core_image_size_portrait wp-image-7545\" alt=\"\" \/>\t\t\t\t\t\t\t\t\t\t\t\t\t\t\t<\/div>\n\t\t\t\t<\/div>\n\t\t\t\t<\/div>\n\t\t<div class=\"elementor-element elementor-element-2a5b2e2 e-con-full e-flex e-con e-child\" data-id=\"2a5b2e2\" data-element_type=\"container\">\n\t\t\t\t<div class=\"elementor-element elementor-element-aefaf81 elementor-widget elementor-widget-text-editor\" data-id=\"aefaf81\" data-element_type=\"widget\" data-widget_type=\"text-editor.default\">\n\t\t\t\t<div class=\"elementor-widget-container\">\n\t\t\t\t\t\t\t\t\t<h1>VISION<\/h1><p>Meine Vision ist es, wieder mehr LEICHTIGKEIT, SPIELFREUDE\u00a0+\u00a0EIN SCHMUNZELN<\/p><p>in diesen Bereich bringen, aber auch ein Gesp\u00fcr f\u00fcr ein\u00a0BEWUSSTSEIN\u00a0+\u00a0VERANTWORTUNG.<\/p><p>F\u00fcr sich selbst und andere.\u00a0In und au\u00dferhalb von Erregung.<\/p><pre>Fotografie, Erz\u00e4hlungen und Kunst sind mein Medium,\u00a0diesen Weg der Bed\u00fcrfnisse und versteckten Themen hinter den Fantasien und Erlebnissen,\u00a0sichtbar zu machen.<\/pre><h1>Sexualtherapie<\/h1><p>Die abgeschlossene Fortbildung zur &#8222;Paar- und Sexualtherapeutin&#8220; in Berlin (2022-2023) am Beziehungsdynamischen Institut unterst\u00fctzt meinen Weg mit Menschen zu arbeiten und ihnen klarer die R\u00e4ume f\u00fcr ihre Erfahrungen und Prozesse zu halten und bei Bedarf Empfehlungen f\u00fcr andere Therapiewege aufzuzeigen.\u00a0<\/p><p>Gern empfehle ich deutschlandweit aus meinem <strong>Netzwerk aus TherapeutInnen und beratenden Personen<\/strong>, da mir selbst die Zeit f\u00fcr die klassischen Therapieformate fehlt. So arbeite ich gerade an eigenen Konzepten und Kooperationen mit TherapeutInnen und Bildungstr\u00e4gern als Fotografin.\u00a0<\/p>\t\t\t\t\t\t\t\t<\/div>\n\t\t\t\t<\/div>\n\t\t\t\t<div class=\"elementor-element elementor-element-96eb2db elementor-widget elementor-widget-image\" data-id=\"96eb2db\" data-element_type=\"widget\" data-widget_type=\"image.default\">\n\t\t\t\t<div class=\"elementor-widget-container\">\n\t\t\t\t\t\t\t\t\t\t\t\t\t\t\t<img decoding=\"async\" src=\"https:\/\/lilith-annura.com.emmtronics.de\/wp-content\/uploads\/elementor\/thumbs\/logo-normal-berlin-qja094bhtq0if16sdf5wmmgklmppavrlgxmu3tfuu6.png\" title=\"logo-normal-berlin\" alt=\"logo-normal-berlin\" loading=\"lazy\" \/>\t\t\t\t\t\t\t\t\t\t\t\t\t\t\t<\/div>\n\t\t\t\t<\/div>\n\t\t\t\t<\/div>\n\t\t\t\t\t<\/div>\n\t\t\t\t<\/div>\n\t\t\t\t<\/div>\n\t\t","protected":false},"excerpt":{"rendered":"<p>LILITH ANNURA SEX TALK &amp; EROTIC ART \u2019\u2019Ich wollte nie nackte Menschen fotografieren.&#8220; ABOUT Ich habe selbst viele Jahre meine Entwicklung in der Sexualit\u00e4t, meinen K\u00f6rper und meine Sinnlichkeit fotografisch begleitet, wei\u00df, wie es sich vor und hinter der Kamera anf\u00fchlt und kenne die intensiven ber\u00fchrenden Prozesse dahinter.\u00a0 Als Fotografin habe ich Menschen in ihrer [&hellip;]<\/p>\n","protected":false},"author":1,"featured_media":0,"parent":0,"menu_order":0,"comment_status":"closed","ping_status":"closed","template":"page-full-width.php","meta":{"footnotes":""},"class_list":["post-2556","page","type-page","status-publish","hentry"],"aioseo_notices":[],"_links":{"self":[{"href":"https:\/\/lilith-annura.com.emmtronics.de\/index.php\/wp-json\/wp\/v2\/pages\/2556","targetHints":{"allow":["GET"]}}],"collection":[{"href":"https:\/\/lilith-annura.com.emmtronics.de\/index.php\/wp-json\/wp\/v2\/pages"}],"about":[{"href":"https:\/\/lilith-annura.com.emmtronics.de\/index.php\/wp-json\/wp\/v2\/types\/page"}],"author":[{"embeddable":true,"href":"https:\/\/lilith-annura.com.emmtronics.de\/index.php\/wp-json\/wp\/v2\/users\/1"}],"replies":[{"embeddable":true,"href":"https:\/\/lilith-annura.com.emmtronics.de\/index.php\/wp-json\/wp\/v2\/comments?post=2556"}],"version-history":[{"count":159,"href":"https:\/\/lilith-annura.com.emmtronics.de\/index.php\/wp-json\/wp\/v2\/pages\/2556\/revisions"}],"predecessor-version":[{"id":7952,"href":"https:\/\/lilith-annura.com.emmtronics.de\/index.php\/wp-json\/wp\/v2\/pages\/2556\/revisions\/7952"}],"wp:attachment":[{"href":"https:\/\/lilith-annura.com.emmtronics.de\/index.php\/wp-json\/wp\/v2\/media?parent=2556"}],"curies":[{"name":"wp","href":"https:\/\/api.w.org\/{rel}","templated":true}]}}